- 18533*q - 507245. What is b(-31)?
8
Let p(t) = -6*t**2 + 3782*t + 106484. What is p(-27)?
-4
Let w(m) = m**3 + 691*m**2 - 4842*m - 256. Give w(7).
52
Let d(s) = -27*s**2 - 6035*s - 301769. Calculate d(-148).
3
Let a(s) = -1149*s + 23004. What is a(20)?
24
Let p(h) = h**3 + 290*h**2 + 38*h + 10738. Give p(-290).
-282
Let x(m) = -45*m**2 + 29483*m + 53881. What is x(657)?
7
Let g(f) = 68*f**2 - 5505*f - 303. Determine g(81).
-60
Let l(q) = -q**3 - 8672*q**2 + 2478872*q + 284. Give l(277).
7
Let o(a) = 43*a - 6431. Determine o(30).
-5141
Let o(v) = 22*v**2 - 1274*v + 53. What is o(58)?
169
Let a(i) = 11*i**3 + 227*i**2 - 70*i + 288. Calculate a(-21).
-6
Let w(n) = -7*n**3 - 8*n**2 + 7*n - 40. What is w(4)?
-588
Let o(v) = 7*v**2 - 205*v - 988. Determine o(33).
-130
Let g(l) = l**3 + 147*l**2 + 74*l + 10866. Determine g(-147).
-12
Let k(u) = -46446*u - 789602. What is k(-17)?
-20
Let d(f) = 991*f - 39617. What is d(40)?
23
Let v(j) = 738*j - 14951. Give v(21).
547
Let c(k) = -k**3 + 59*k**2 - 568*k - 2765. Give c(45).
25
Let l(h) = 7479*h - 1824905. What is l(244)?
-29
Let a(y) = -y**3 + 29*y**2 - 71*y + 4175. Calculate a(31).
52
Let z(k) = 119220*k + 3099722. Give z(-26).
2
Let i(r) = -4*r**2 + 1077*r + 5483. Give i(-5).
-2
Let r(y) = -y**2 + 2196*y + 13223. What is r(-6)?
11
Let z(a) = 115*a + 11054. What is z(-96)?
14
Let r(h) = -499*h + 22239. What is r(43)?
782
Let i(t) = t**2 - 121*t + 2288. Determine i(72).
-1240
Let d(m) = -m**3 + 584*m**2 + 6533*m + 7132. Determine d(595).
-8
Let z(w) = -9900*w - 564307. What is z(-57)?
-7
Let u(a) = a**3 + 163*a**2 + 1909*a + 339862. Calculate u(-164).
-110
Let m(a) = -2*a**2 - 3592*a + 1339648. Determine m(317).
6
Let l(j) = 163*j + 17719. Calculate l(-111).
-374
Let v(k) = -k**3 - 12*k**2 + 630*k - 36. Determine v(-33).
2043
Let a(k) = -61935*k + 123841. Give a(2).
-29
Let f(c) = -9481*c + 161502. Determine f(17).
325
Let v(l) = -78903*l + 18857794. Give v(239).
-23
Let f(d) = 89340*d + 89335. Determine f(-1).
-5
Let x(k) = -k**3 + 266*k**2 + 1672*k - 10890. What is x(272)?
-10
Let s(d) = -2*d**3 - 75*d**2 - 1103*d - 3898. Determine s(-5).
-8
Let z(n) = n**3 + 205*n**2 + 237*n + 5423. Calculate z(-204).
-1309
Let u(l) = 4*l**2 - 150*l - 6151. Determine u(62).
-75
Let p(n) = n**2 - 4708*n + 1004421. What is p(224)?
5
Let r(h) = -h**3 - 137*h**2 + 2*h + 157. Calculate r(-137).
-117
Let p(w) = -20*w**2 + 322*w - 20. Calculate p(12).
964
Let k(i) = i**3 - 28*i**2 + 112*i - 6. What is k(16)?
-1286
Let c(o) = -29506*o - 1947406. Give c(-66).
-10
Let l(w) = 112*w**2 + 3249*w - 24. What is l(-29)?
-53
Let z(s) = 7986*s**2 - 191663*s - 21. Calculate z(24).
3
Let l(w) = -145*w - 22073. Calculate l(-151).
-178
Let t(k) = -250*k**2 - 3762*k + 7536. Calculate t(2).
-988
Let f(z) = -2*z**2 - 1683*z - 21535. What is f(-13)?
6
Let f(m) = 2*m**2 + 2402*m + 54220. What is f(-23)?
32
Let f(l) = 3*l**2 - 221*l + 953. What is f(4)?
117
Let p(d) = 566*d + 7323. Determine p(-13).
-35
Let y(o) = -2*o**3 + 53*o**2 - 2111*o + 50981. Determine y(25).
81
Let w(y) = -8*y**3 - 3307*y**2 - 1089*y + 61959. Determine w(-413).
9
Let d(n) = 174*n**3 - 2*n**2 + 39*n + 61. What is d(-2)?
-1417
Let m(k) = -90*k + 142. What is m(15)?
-1208
Let l(a) = 521*a + 1850. Calculate l(-6).
-1276
Let h(j) = 38*j**3 - 2202*j**2 - 111*j - 234. Calculate h(58).
56
Let j(i) = -3*i**2 + 644*i - 1898. Determine j(3).
7
Let l(w) = 12*w**3 - 218*w**2 - 520*w + 10000. Calculate l(18).
-8
Let u(a) = 2195*a - 493913. Give u(225).
-38
Let x(d) = 79564*d - 3102987. Give x(39).
9
Let y(f) = 5*f**2 + 171*f - 3573. Give y(15).
117
Let q(h) = 473*h - 13256. What is q(39)?
5191
Let w(z) = -3*z**3 + 9*z**2 + 113*z - 661. What is w(6)?
-307
Let m(k) = -283*k - 16557. Give m(-54).
-1275
Let a(v) = 422395*v - 8447900. What is a(20)?
0
Let y(r) = -r**3 - 479*r**2 - 20*r - 9866. What is y(-479)?
-286
Let n(r) = -778*r - 5124. Determine n(-6).
-456
Let z(b) = -12*b**2 - 1359*b + 84811. Give z(-158).
-35
Let h(g) = 4*g**2 - 1706*g - 25739. Calculate h(-15).
751
Let u(p) = -3*p**2 - 1183*p - 103203. Calculate u(-264).
21
Let j(g) = -101032*g + 303110. Determine j(3).
14
Let f(z) = -z**3 - 6*z**2 + 3508*z - 1982. Determine f(56).
34
Let w(h) = 5*h**3 + 2*h**2 - 4*h - 32. Determine w(-6).
-1016
Let v(q) = -4*q**3 - 496*q**2 - 7615*q - 20. Determine v(-18).
-326
Let n(h) = -89*h - 163. Determine n(-11).
816
Let w(j) = 2*j**2 + 29*j + 143. Determine w(-5).
48
Let k(v) = -466*v + 10273. Give k(22).
21
Let y(g) = -g**3 + 81*g**2 + 6013*g - 27. Give y(128).
-411
Let t(h) = 2071*h + 5627. What is t(-3)?
-586
Let a(r) = 16*r**2 + 1081*r + 1483. Determine a(-66).
-167
Let g(h) = -h**3 - 161*h**2 - 4135*h - 809. Give g(-129).
94
Let v(u) = u**3 + 22*u**2 - 242*u - 121. Calculate v(7).
-394
Let b(m) = -m**2 + 370476*m - 28891050. What is b(78)?
-6
Let x(a) = 121*a**2 - 3039*a + 283. Determine x(25).
-67
Let b(o) = o**2 - 61*o - 4234. What is b(99)?
-472
Let a(p) = 869*p - 3463. Determine a(4).
13
Let b(h) = 14*h**3 + 94*h**2 - 392*h - 27. Determine b(4).
805
Let a(m) = 5*m**2 - 51*m - 6217. What is a(41)?
97
Let w(d) = 1498*d + 9976. Give w(-6).
988
Let a(b) = -13*b**3 - 1901*b**2 - 434*b + 587. Give a(-146).
3
Let z(h) = -1418*h - 10605. Determine z(-8).
739
Let c(q) = 1009143*q - 2018335. Calculate c(2).
-49
Let t(y) = 40*y**2 - 8418*y + 8409. What is t(1)?
31
Let v(j) = -162*j**3 + 6*j**2 + 92*j + 93. Determine v(-1).
169
Let q(s) = -s**3 - 21*s**2 + 377*s - 681. Determine q(10).
-11
Let g(s) = 7435*s - 44609. What is g(6)?
1
Let d(c) = 155*c**2 - 222*c - 196. Calculate d(-1).
181
Let f(z) = -8*z**2 - 109445*z - 218876. Calculate f(-2).
-18
Let j(y) = -y**3 + 41*y**2 + 1635*y + 733. Calculate j(66).
-257
Let x(k) = 4*k**3 - 462*k**2 + 15*k + 24727. Determine x(115).
2
Let w(u) = -u**3 - 321*u**2 - 295*u - 94707. Calculate w(-321).
-12
Let t(d) = -2*d**3 + 24*d**2 + 185*d - 2059. Calculate t(11).
218
Let f(u) = -43*u - 250. Give f(-4).
-78
Let i(t) = 3721*t**3 - 4*t**2 - 5*t + 7. What is i(1)?
3719
Let k(j) = -21788*j - 152514. What is k(-7)?
2
Let s(l) = -l**3 - 21*l**2 - 155*l - 3886. Determine s(-22).
8
Let c(l) = 35036*l - 140137. What is c(4)?
7
Let d(h) = 8*h**3 - 62*h**2 - 9*h + 66. Determine d(8).
122
Let d(b) = -b**3 + 684*b**2 - 11288*b - 34004. Calculate d(667).
13
Let b(a) = a**3 - 4*a**2 + 566*a - 4032. Give b(7).
77
Let o(u) = -2*u**2 - 11*u - 27. Determine o(-2).
-13
Let b(t) = -t**2 - 1286*t + 194994. Give b(137).
43
Let b(a) = a**2 - 239*a - 31032. What is b(-93)?
-156
Let c(j) = -12*j**3 + 986*j**2 - 197*j + 2700. Determine c(82).
-6
Let j(p) = -35283*p - 2222833. What is j(-63)?
-4
Let w(d) = 2039*d - 21902. Determine w(11).
527
Let x(s) = -s**2 - 1707*s + 538263. Give x(272).
-25
Let l(k) = k**3 + 52*k**2 - 2031*k + 29. Give l(26).
-49
Let h(r) = r**2 - 986*r + 22813. Calculate h(24).
-275
Let a(g) = g**3 - 45*g**2 - 3982*g + 3063. Give a(-45).
3
Let b(s) = -925*s + 24711. Calculate b(26).
661
Let z(c) = -7099*c - 305210. Calculate z(-43).
47
Let x(c) = -790*c + 940. Determine x(1).
150
Let o(x) = x**3 - 37*x**2 + 193*x - 126. What is o(8)?
-438
Let p(m) = m**2 - 1208*m - 8488. Calculate p(-7).
17
Let s(u) = 17*u**2 - 314*u - 46. What is s(20)?
474
Let q(n) = -16*n**2 + 8959*n + 152037. What is q(-17)?
-4890
Let w(j) = 14*j**2 + 3413*j - 21736. Give w(-250).
14
Let v(i) = -1059*i**3 + 37035*i**2 + 1046*i + 141. Calculate v(35).
1
Let w(l) = -77*l**2 + 325*l + 2066. Determine w(-6).
-2656
Let o(i) = i**3 - 102*i**2 + 2513*i + 221. Determine o(42).
-73
Let h(n) = n**3 - 24*n**2 - 350*n - 198. Calculate h(34).
-538
Let o(p) = -679*p**2 - 45492*p + 88. What is o(-67)?
21
Let f(k) = -k**3 + 636*k**2 + 59*k - 37566. Determine f(636).
-42
Let o(j) = -120991*j - 3145914. Give o(-26).
-148
Let k(x) = -522277*x - 1566840. Calculate k(-3).
-9
Let p(v) = -2816*v - 76020. Give p(-27).
12
Let u(y) = 70*y**2 + 190*y - 758. Give u(4).
1122
Let o(u) = 9515*u - 390106. Calculate o(41).
9
Let m(w) = 23*w**2 + 3132*w - 5967. Give m(-138).
-171
Let u(a) = 5440*a - 22040. Calculate u(4).
-280
Let k(d) = -3*d**2 - 600*d + 20702. Give k(30).
2
Let s(o) = 2*o**3 - 17*o**2 + 51*o + 1. What is s(5)?
81
Let x(w) = w**3 - 28*w**2 + 114*w - 125. Give x(6).
-233
Let g(h) = 171151*h - 513527